ive of -o**3 + 4. Let s be c(1). Is (-271)/s - 12/(-18) prime?
False
Let g = -15276 + 23935. Is g a prime number?
False
Suppose -q = 3*p - 5136, 2*p + 3424 = 4*p - 4*q. Suppose 5*s - p = 523. Is s composite?
True
Is ((-1)/((-1)/(-3)))/(27/(-2763)) prime?
True
Suppose -2*h = -4*h + 398. Is h composite?
False
Let q = -698 - -1479. Is q a composite number?
True
Let l = 20 - 17. Suppose l*h = 7*h - 484. Is h prime?
False
Let t = 7 - 11. Let r be (-8*2/t)/2. Suppose c - r*u = 37, 0 = 2*c - 0*u + 3*u - 67. Is c a composite number?
True
Is 56/6*((-15)/(-6) - 1) composite?
True
Is (1 + -3)*469/(-14) a composite number?
False
Suppose 0 = 9*d - 8*d - 713. Is d composite?
True
Let d = 4 - 4. Suppose -3*i = -d - 69. Let x = i - -2. Is x a prime number?
False
Let a be 2/4 + (-2956)/(-8). Suppose -2*s - 4*z = -a, 5*s - 958 = 3*z - 2*z. Is s composite?
False
Let z(v) = v**2 - 5*v. Let a(f) = -f**2 + 1. Let j(p) = -3*a(p) - z(p). Let w be j(4). Let m = w + -10. Is m composite?
True
Let b = 9 - -3. Let g = 215 - b. Is g prime?
False
Let t be 2 + 5 + (8 - 12). Suppose 2*n - 7*n + 3265 = 0. Suppose -m - 488 = -t*d, -2*m = 4*d - m - n. Is d composite?
False
Let d be (-3 - -5)*(-2 + 63/2). Suppose -5*i = -81 - 534. Suppose i + d = 3*h + 4*b, 4*h + 3*b = 238. Is h composite?
True
Is ((-46)/3)/((-4)/138) composite?
True
Is (3544/(-12))/(4/(-6)) a composite number?
False
Let z(w) = -128*w**3 - w. Let h be z(-1). Suppose 0 = -c + h + 62. Is c composite?
False
Let h(b) = -6*b + 7. Let t be h(5). Let y = 102 + t. Is y a prime number?
True
Suppose 10 = 3*j - j. Let z be 5/j*(1 - 2). Is (2 - 1)*11 + z a composite number?
True
Is (1 + -2)*(-1 + -292) prime?
True
Let y(j) = j**2 + 7*j - 11. Let s = -6 - -8. Suppose 2*z + s*z = -36. Is y(z) composite?
False
Suppose -3*s = -5*t - 5*s + 1655, 0 = -2*t + 3*s + 662. Is t a composite number?
False
Suppose 0*f + 5 = f. Let b(s) = -4*s**3 - 4*s**2 + s + 9. Let c(o) = -7*o**3 - 7*o**2 + 2*o + 17. Let i(d) = 5*b(d) - 3*c(d). Is i(f) composite?
False
Let v(m) = -7*m**3 - 4*m**2 - 2*m + 25. Is v(-8) prime?
False
Is 156 + (-2)/(2 + 0/1) a composite number?
True
Suppose 6*q - q - b - 26 = 0, -5*q + 34 = b. Suppose 5*r - 10 = -5*j, j - q = -4*r + r. Suppose 3*d = -4*y + 127, -4*y - 4*d + 6*d + 122 = j. Is y composite?
False
Let r(u) = u**3 - u**2 + 7. Let d(j) = -j**2 + 4*j + 6. Let y be d(6). Let z be 3 - 5/((-10)/y). Is r(z) a composite number?
False
Suppose 199 = 4*o - 1385. Let x = -197 + o. Is x a prime number?
True
Let a(g) = -6*g + 12*g + 4*g**2 - 6*g - 2. Let s be a(6). Is (-1)/2 + s/4 prime?
False
Let d(j) = -j**3 - j**2 + 3. Let w be d(0). Let o(g) = -g**3 - g**2 - 3*g**2 - g**2 + 0*g**w - 5 - 4*g. Is o(-6) composite?
True
Suppose -5*f + 6 + 4 = 0. Suppose l - a = 25, -f*l + 59 = -5*a - 0*a. Is l a composite number?
True
Let f(j) = -j**3 + 5*j**2 + 6*j + 5. Let d be f(6). Let z be 2*(0 - (-2 + 0)). Suppose 5*q + z*y - 350 = y, 3*q - 176 = d*y. Is q composite?
False
Let f(h) = -2*h**2 - 5*h + 10. Let v(t) = -3*t**2 - 4*t + 10. Let p(i) = -7*f(i) + 6*v(i). Let u(b) = b**2 + 1. Let c(z) = -p(z) - 5*u(z). Is c(-6) composite?
True
Suppose 3*x - 10 = -s + 56, 4*x - 93 = -3*s. Let k = x - -18. Is k composite?
True
Suppose t + 0 - 3 = 0. Suppose 3*p + 3*n + 3 = -0, 5*n + 29 = t*p. Suppose 0 = -r + 4*h + 23, -4*r + p*h + 45 + 99 = 0. Is r composite?
True
Suppose 3*v - 6 = 9. Suppose -v*q + 3*k - 170 = -4702, -q + 911 = 4*k. Is q prime?
True
Let l be (-1)/(-4) + 1166/8. Suppose 215 = -5*s - 300. Let y = s + l. Is y prime?
True
Let j(w) = w**3 - 9*w**2 + 9*w - 5. Let c be j(8). Suppose 52 = c*h - 5. Let p = -4 + h. Is p composite?
True
Suppose -4*w - 2*g = -86, 4*g + 119 = 3*w + 38. Suppose 0 = -i + 108 - w. Is i a prime number?
False
Let a = 201 - 139. Is a a prime number?
False
Suppose 0 = 3*s - 4 - 245. Is s composite?
False
Let a = 1 + 6. Let c(i) = i**2 - 6*i - 8. Let k be c(a). Let h = k - -3. Is h a composite number?
False
Suppose -8*v + 3*v - 720 = 0. Let w(z) = 45*z - 2. Let u be w(5). Let k = v + u. Is k a composite number?
False
Let k be 6 + -3 + 117 - -2. Let v = 219 - k. Is v a prime number?
True
Let t be (-28)/(-8) - 1/(-2). Suppose 0*y + 456 = -t*y. Let v = -77 - y. Is v composite?
False
Suppose 4*o + 67 = u, -2*o + 0*u = -4*u + 16. Let l = 44 + o. Is l prime?
False
Suppose 5*v + 2*q = 4*v + 98, -295 = -3*v - 5*q. Suppose -2*i = 2*h - h - 185, -h - v = -i. Suppose -i = -8*d + 3*d. Is d a prime number?
True
Let a be (-4 + 1)/(-1) - -11. Suppose z + 2*m - 5 = 12, 5*m - a = -z. Is z composite?
False
Let c be (-2)/11 + 4140/22. Is ((-3)/(-6))/(2/c) a prime number?
True
Let s(u) = 30*u + 5. Let j be s(4). Let g(v) = 3*v**2. Let o be g(1). Suppose o*z - 28 - j = 0. Is z a composite number?
True
Let h = 1193 - -755. Suppose -3*f - f = -h. Is f composite?
False
Let b(w) = -w**3 + 4*w**2 + 6*w - 2. Is b(4) a composite number?
True
Let v(l) = 10*l**3 - 2*l**2 + l. Suppose -p + 8 = 3*p. Is v(p) prime?
False
Let r(y) be the third derivative of -y**2 + 0 + 0*y + 1/24*y**4 + 1/60*y**5 + 7/2*y**3. Is r(0) a composite number?
True
Let h(x) = 4*x**2 - 9*x + 2. Suppose -16 = -2*c - 2*c. Let f(o) = -4*o**2 + 9*o - 3. Let v(j) = c*f(j) + 5*h(j). Is v(7) a composite number?
False
Let o(c) = c**3 + 3*c**2 - 1. Let d be o(-3). Let m = d + 20. Is m prime?
True
Suppose -2*d - 3*v + 16 = -10, 0 = -d + 4*v - 9. Let y(m) be the first derivative of m**3 - 5*m**2 + 1. Is y(d) prime?
False
Let f(h) = -3*h**3 - 10*h**2 + 11*h - 5. Is f(-9) a composite number?
True
Suppose 0 = -r - 66 - 841. Let h = 1440 + r. Is h composite?
True
Let q(c) be the second derivative of -17*c**3/3 + c**2/2 - c. Suppose -4*b - 16 = 3*y, -4*b - 24 = 4*y + y. Is q(b) prime?
False
Suppose s = -2*s + m + 12, -2*s = m - 8. Suppose s*g = -0*g + 888. Suppose -g = -3*c + 3*n, -2*c - 2*n + 69 = -91. Is c composite?
True
Let c = -12 + 26. Suppose -c = -w - 0. Is w a composite number?
True
Suppose -10*b + 7*b = -9. Let i(r) = r + 1. Let y be i(-1). Suppose y*m + b*o + 55 = m, 0 = -2*o. Is m prime?
False
Let i(j) = -j - 12. Let f be i(-5). Let l(s) = s + 7. Let z be l(f). Is (1 - z)/((-2)/(-98)) prime?
False
Let r(g) be the second derivative of g**4/4 + 3*g**2/2 - 2*g. Is r(-4) composite?
True
Let c = -1280 - -2235. Suppose 0 = 4*q - c + 311. Is q a prime number?
False
Let t(b) = b - 1. Let r(o) be the second derivative of -47*o**3/6 - 3*o**2 - 3*o. Let g(i) = -r(i) + 4*t(i). Is g(3) a prime number?
False
Suppose 4*x - 62 = 174. Is x composite?
False
Let c(t) = -9*t - 7. Let x(g) = -17*g - 14. Let h(m) = -5*c(m) + 3*x(m). Let z be h(-9). Let r = -28 + z. Is r a composite number?
False
Suppose k = 5*k - 364. Suppose 15 = 2*l - k. Is l a composite number?
False
Let i = 287 + -124. Is i a prime number?
True
Let g = 1 - 1. Let p(f) = f**3 + f + 54. Let x be p(g). Suppose 0 = 3*b - 3*m - x, -b - 4*b = m - 96. Is b composite?
False
Let s = 1 - -1. Let g(m) = 0*m - m + m**3 + s*m + 11. Is g(0) a prime number?
True
Let x = 277 + 430. Is x composite?
True
Suppose 56 = 5*m - 49. Let i = m + -34. Let v = i - -60. Is v composite?
False
Suppose 2*s = 2*g + 3*g - 28119, g - 5*s - 5633 = 0. Is g a composite number?
False
Suppose 2*z - 4*n + 2 = -24, 5*z + 2*n = -41. Let a(u) = -33*u - 4. Is a(z) composite?
False
Suppose 5*m = 2*d - 596, -3*m - 476 = 3*d - 1391. Is d composite?
True
Suppose 3*a - 2 = 4*b - 18, 2*a + 4*b = 16. Suppose a = -r + 3*w + 9, -5*r - 5*w = -0*w - 85. Is r a prime number?
False
Let l = -1 - -4. Suppose -j + l = -1. Suppose 2*g - g = -2, 0 = j*s + 2*g - 192. Is s prime?
False
Let z(p) = 11*p**2 + 5*p - 5. Let c(x) = -5*x**3 - x**2 + x. Let y be c(1). Let b be z(y). Suppose -710 = -3*a - l, 2*l = a + 4*l - b. Is a a prime number?
False
Let x(u) = -2*u**3 - u + 4*u**3 - 1 - 3*u**3 + 6*u**2. Let q be x(4). Is q/2 - (-3)/(-6) a prime number?
True
Let v(c) = -c**3 + 8*c**2 - 10*c + 9. Suppose 9 = 3*x - 24. Let z = x + -5. Is v(z) composite?
True
Suppose 3*r - 304 = -5*u, u = r - 3*r + 58. Suppose -4*w + u = -270. Is w a prime number?
True
Suppose -5*j + 4*p + 4905 = 0, 2*j + 0*j - 1975 = -p. Is j composite?
True
Let t = -5 + 10. Let m = t + -6. Is ((-93)/6)/m*2 prime?
True
Suppose b + 256 = 4*u - b, -5*u + 2*b + 318 = 0. Let n = u + -41. Is n prime?
False
Let b(i) = -i**2 + 7*i - 6. 